se 13, what is -9293 + -51c8?
-1148b
In base 11, what is 373250 + -141?
37310a
In base 14, what is -315 - 353d?
-3854
In base 6, what is -120502421 - -42?
-120502335
In base 14, what is 5 - -3bdb85?
3bdb8a
In base 16, what is 2 + -39c2cf?
-39c2cd
In base 5, what is -110132442 + -203?
-110133200
In base 16, what is -139510 - 7?
-139517
In base 12, what is -5 - 1a957a8?
-1a957b1
In base 8, what is -44 + -10552347?
-10552413
In base 2, what is -1000000101 - 1001001000001110?
-1001010000010011
In base 4, what is -120023121212 + 2?
-120023121210
In base 2, what is -100 - -1011011110111111111110?
1011011110111111111010
In base 14, what is c74ab + -7c?
c742d
In base 3, what is 101200012112202 + -101?
101200012112101
In base 8, what is 2470727 + -10?
2470717
In base 4, what is 1333213101 + -120?
1333212321
In base 4, what is 31000322 - 1012011?
23322311
In base 11, what is -56962 + -67?
-56a19
In base 2, what is -10000010001101001010111101 + 101?
-10000010001101001010111000
In base 3, what is 10 - -12220222001111221?
12220222001112001
In base 15, what is -aa - c536?
-c5e1
In base 7, what is -15 + -413053623?
-413053641
In base 11, what is 127 - 177955?
-177829
In base 3, what is -2122 - -2000200022102?
2000200012210
In base 10, what is -153 + -860?
-1013
In base 7, what is 6161044 + 316?
6161363
In base 12, what is -1 - 2b028a?
-2b028b
In base 6, what is 114554 - -23223?
142221
In base 3, what is 0 - 2122000021112?
-2122000021112
In base 6, what is 1 + 3014034042?
3014034043
In base 14, what is -3 - 6a4727?
-6a472a
In base 2, what is 10001001110 - 101000000010010?
-100101111000100
In base 14, what is 2915a9 + 10?
2915b9
In base 6, what is 12004342 - -5501?
12014243
In base 12, what is 9868b0 - 4?
9868a8
In base 13, what is 3858c22 - -b?
3858c30
In base 14, what is 252b16 - 11?
252b05
In base 8, what is 300100506 - 4?
300100502
In base 7, what is 412 + 113632?
114344
In base 10, what is -93477 + 1617?
-91860
In base 5, what is -2142 - -2422301?
2420104
In base 8, what is 3 - 46630220?
-46630215
In base 15, what is -dc27c7 + 2?
-dc27c5
In base 12, what is 1b10a793 - 4?
1b10a78b
In base 3, what is 110020 + -22120?
10200
In base 6, what is -120234332042 - 1?
-120234332043
In base 12, what is 39a9 + 19a?
3b87
In base 4, what is 0 - -1111332030?
1111332030
In base 8, what is 75 - 1137127?
-1137032
In base 2, what is 110011010011 - -1000100100?
111011110111
In base 12, what is -1502 - 197a70?
-199372
In base 7, what is -21 + -11352412?
-11352433
In base 4, what is 2 - -11302312110?
11302312112
In base 11, what is -348 - -229213?
228976
In base 10, what is -5218930 - -7?
-5218923
In base 8, what is 476574 + -77?
476475
In base 15, what is -7 + -44ec0a?
-44ec12
In base 3, what is 120020021 + 20120?
120110211
In base 9, what is 445 + 26566?
27122
In base 12, what is -11 + 5aa8136?
5aa8125
In base 7, what is -121422 + -1361?
-123113
In base 8, what is 42231241 - 4?
42231235
In base 11, what is 2 + 894328?
89432a
In base 2, what is 11011011111000011101 + 1?
11011011111000011110
In base 11, what is -6936 - -591?
-6355
In base 7, what is -3 + -265561564?
-265561600
In base 7, what is -14251 - 363?
-14644
In base 6, what is 1 + -21132504051?
-21132504050
In base 10, what is -1708638 + 51?
-1708587
In base 9, what is 5283270 - -1?
5283271
In base 10, what is 3 + 14800217?
14800220
In base 8, what is -147 - -3630662?
3630513
In base 10, what is 53170689 + 3?
53170692
In base 3, what is -1121102100 - 1120?
-1121110220
In base 7, what is 3 - 664214304?
-664214301
In base 14, what is -14896a + 4d?
-14891b
In base 2, what is 100000001011111 - -10101010001?
100010110110000
In base 14, what is -240a2352 - 3?
-240a2355
In base 5, what is 4 - -22411430232?
22411430241
In base 12, what is 31286 - 4a?
31238
In base 14, what is -a0a1cb67 - -1?
-a0a1cb66
In base 6, what is -30234 + -51042?
-121320
In base 4, what is -3002302312 + -2311?
-3002311223
In base 13, what is -318c4 - -47?
-3187a
In base 10, what is -28362 + -2610?
-30972
In base 7, what is 152364 - -4146?
156543
In base 5, what is 2040 + 13102100?
13104140
In base 14, what is -31 + 202b44?
202b13
In base 14, what is -40bd9d2 - 4?
-40bd9d6
In base 11, what is -182987 - -14?
-182973
In base 4, what is 11 - -20112223303?
20112223320
In base 4, what is -1 - 12021020323?
-12021020330
In base 12, what is 2 - 877550?
-87754a
In base 12, what is 3 - 24ba303?
-24ba300
In base 9, what is -3 - 14071614?
-14071617
In base 9, what is -72 + -162447?
-162530
In base 13, what is -16869a + 168?
-168532
In base 13, what is -56868 - -2b1?
-56587
In base 10, what is -7940 - -1364?
-6576
In base 9, what is 31461551 + -3?
31461547
In base 12, what is -10a2 - 824?
-1906
In base 12, what is -1 + 606237a?
6062379
In base 9, what is -542632 + 25?
-542606
In base 14, what is -5aa - 5db88?
-60354
In base 8, what is -1222201 - 111?
-1222312
In base 6, what is -102 - -41252513?
41252411
In base 3, what is -10220002021202 - 10?
-10220002021212
In base 11, what is 54 - 23833?
-2378a
In base 2, what is -1000111101011101111 + -11101011?
-1000111101111011010
In base 6, what is -451 + 32341?
31450
In base 2, what is 101000011011101101011 + -10000?
101000011011101011011
In base 6, what is 153 + -211045335?
-211045142
In base 14, what is 147 - -215c83?
215dca
In base 4, what is 3 - 10332203131?
-10332203122
In base 2, what is -1011000101001000011011 + -111?
-1011000101001000100010
In base 7, what is 3 + 35046324?
35046330
In base 5, what is -4 + -1212033024?
-1212033033
In base 10, what is -1348 + -10189?
-11537
In base 14, what is -30ad84 - -8?
-30ad7a
In base 15, what is 6152 + -140?
6012
In base 13, what is 22 + -8799?
-8777
In base 13, what is 3a95aa + -119?
3a9491
In base 12, what is 73600 + -20?
735a0
In base 11, what is -4 + a605a52?
a605a49
In base 13, what is -a49 + -684?
-1400
In base 10, what is -70474 - -350?
-70124
In base 2, what is 101101001110011001001001 - 1?
101101001110011001001000
In base 3, what is 210200021 - -1112001?
212012022
In base 4, what is -22 + 112300021011?
112300020323
In base 15, what is 2 - -201d9cd?
201d9d0
In base 13, what is 702841 + -4?
70283a
In base 5, what is 4 - 334424323?
-334424314
In base 3, what is 1121 - -111001001210222?
111001001212120
In base 11, what is 234 - 6a7?
-473
In base 8, what is -4256705 - -357?
-4256326
In base 16, what is 7dd5b3 - -1f?
7dd5d2
In base 8, what is 257561467 - 1?
257561466
In base 14, what is 86d2 + c6?
87b8
In base 5, what is 1001412430 - 10?
1001412420
In base 10, what is -8847 - -3961?
-4886
In base 11, what is 34a52461 - 0?
34a52461
In base 10, what is -38309 + 91?
-38218
In base 9, what is -352600 + 30?
-352560
In base 14, what is 1 + -158d7a74?
-158d7a73
In base 16, what is -2 + -155db8e4?
-155db8e6
In base 3, what is -11122011 + 1012121121?
1000222110
In base 8, what is 416 + -260004?
-257366
In base 12, what is 111 + 184a9?
185ba
In base 3, what is 12 + -110021111022022?
-110021111022010
In base 8, what is -200556477 + 14?
-200556463
In base 15, what is 3 + -a914eb4?
-a914eb1
In base 4, what is -12010323203323 + 12?
-12010323203311
In base 16, what is 23044fb7 + 0?
23044fb7
In base 16, what is -2 + be9e32?
be9e30
In base 3, what is -20102021 - 10110002221?
-10200112012
In base 12, what is 0 + -40a42828?
-40a42828
In base 14, what is -203 + -3c26?
-4029
In base 5, what is -201233223424 + -1?
-201233223430
In base 3, what is 11 + 202221220110?
202221220121
In base 3, what is 1110212 - -1011210211010?
1011212021222
In base 2, what is -110001100011000100010111 - 10?
-110001100011000100011001
In base 11, what is 2a + -385158?
-385129
In base 6, what is 2324 - -33321413?
33324141
In base 6, what is -3 + 204142513?
204142510
In base 9, what is 14 - -484620?
484634
In base 11, what is -11 - 300405?
-300416
In base 11, what is -5 - 1082032?
-1082037
In base 4, what is 120 + 2011202?
2011322
In base 2, what is 11101110 + -10001000111010100?
-10001000011100110
In base 5, what is 1333 - -2030230?
2032113
In base 5, what is 21431441 + -441?
21431000
In base 11, what is 45a03388 + 2?
45a0338a
In base 10, what is -8916 - 11117?
-20033
In base 8, what is -263 + -15107?
-15372
In base 13, what is 3c6c + 7838?
b7a7
In base 14, what is 4 + d5a568?
d5a56c
In base 7, what is 5253265 - -562?